s divided by 2245808.
5
Calculate the remainder when 189004 is divided by 1110.
304
What is the remainder when 794090 is divided by 523?
176
Calculate the remainder when 5346210 is divided by 22180.
830
Calculate the remainder when 370726 is divided by 123030.
1636
Calculate the remainder when 69081282 is divided by 35.
32
Calculate the remainder when 221056 is divided by 46.
26
Calculate the remainder when 466129 is divided by 781.
653
What is the remainder when 6990384 is divided by 302?
292
What is the remainder when 19994505 is divided by 714086?
97
What is the remainder when 18329295 is divided by 299?
296
Calculate the remainder when 6512539 is divided by 1085422.
7
Calculate the remainder when 1502794 is divided by 803.
381
What is the remainder when 27723632 is divided by 22687?
118
What is the remainder when 2455169 is divided by 675?
194
Calculate the remainder when 9626539 is divided by 9626498.
41
What is the remainder when 5886389 is divided by 230?
229
What is the remainder when 24900668 is divided by 106?
102
Calculate the remainder when 89797669 is divided by 14966277.
7
Calculate the remainder when 89791 is divided by 387.
7
Calculate the remainder when 284155227 is divided by 28.
27
Calculate the remainder when 776664 is divided by 33754.
322
What is the remainder when 92379 is divided by 5813?
5184
Calculate the remainder when 718785 is divided by 35939.
5
What is the remainder when 89109030 is divided by 1142423?
36
What is the remainder when 107520167 is divided by 56?
55
Calculate the remainder when 8460897 is divided by 237.
234
Calculate the remainder when 698529 is divided by 111.
6
Calculate the remainder when 5410391 is divided by 411.
398
Calculate the remainder when 469950708 is divided by 262.
260
Calculate the remainder when 1653924 is divided by 4712.
12
Calculate the remainder when 22865019 is divided by 31979.
34
Calculate the remainder when 5947057 is divided by 991172.
25
Calculate the remainder when 6332809 is divided by 9.
4
What is the remainder when 20672668 is divided by 222?
28
What is the remainder when 6041037 is divided by 2225?
162
Calculate the remainder when 20880727 is divided by 13810.
7
Calculate the remainder when 47924 is divided by 43480.
4444
Calculate the remainder when 67568 is divided by 1833.
1580
What is the remainder when 46155175 is divided by 15385048?
31
Calculate the remainder when 266622347 is divided by 6.
5
Calculate the remainder when 496600 is divided by 247854.
892
What is the remainder when 175685 is divided by 7981?
103
Calculate the remainder when 23336060 is divided by 231050.
10
Calculate the remainder when 20979955 is divided by 912170.
45
Calculate the remainder when 970031 is divided by 277.
254
Calculate the remainder when 4270018 is divided by 7.
4
Calculate the remainder when 606940 is divided by 7329.
5962
What is the remainder when 2079304 is divided by 13955?
9
Calculate the remainder when 5277830 is divided by 1055564.
10
What is the remainder when 1400375 is divided by 1534?
1367
What is the remainder when 7842810 is divided by 12?
6
Calculate the remainder when 10181083 is divided by 18.
13
What is the remainder when 34227620 is divided by 400?
20
What is the remainder when 192605900 is divided by 181?
180
Calculate the remainder when 104482 is divided by 643.
316
What is the remainder when 8172250 is divided by 628633?
21
Calculate the remainder when 58174 is divided by 36.
34
What is the remainder when 79562 is divided by 26482?
116
Calculate the remainder when 7997975 is divided by 60.
35
What is the remainder when 145843 is divided by 27543?
8128
What is the remainder when 17741409 is divided by 694?
687
What is the remainder when 15442 is divided by 645?
607
Calculate the remainder when 201049 is divided by 16715.
469
What is the remainder when 16492342 is divided by 16443?
13
What is the remainder when 1501412 is divided by 1280?
1252
What is the remainder when 1008609 is divided by 712?
417
Calculate the remainder when 5965853 is divided by 35.
33
Calculate the remainder when 10269570 is divided by 3423186.
12
What is the remainder when 279082 is divided by 23238?
226
What is the remainder when 242945 is divided by 102?
83
What is the remainder when 87386048 is divided by 107?
4
What is the remainder when 1105813 is divided by 4388?
37
Calculate the remainder when 5958817 is divided by 217.
214
Calculate the remainder when 180672 is divided by 8002.
4628
Calculate the remainder when 126249277 is divided by 320.
317
What is the remainder when 40355277 is divided by 1428?
1425
What is the remainder when 6991949 is divided by 1468?
1333
What is the remainder when 2075701 is divided by 6873?
55
What is the remainder when 522003 is divided by 116?
3
What is the remainder when 1015625 is divided by 275?
50
Calculate the remainder when 1554251 is divided by 12534.
35
What is the remainder when 491562 is divided by 1718?
214
Calculate the remainder when 2905510 is divided by 224.
6
Calculate the remainder when 242837 is divided by 242816.
21
Calculate the remainder when 20358844 is divided by 2484.
2464
What is the remainder when 29046913 is divided by 14330?
3
What is the remainder when 171311 is divided by 2194?
179
Calculate the remainder when 429001 is divided by 85799.
6
What is the remainder when 1018119 is divided by 66?
3
What is the remainder when 38081 is divided by 37422?
659
What is the remainder when 7790350 is divided by 2657?
26
Calculate the remainder when 58611 is divided by 29181.
249
What is the remainder when 60391687 is divided by 56?
55
What is the remainder when 996755838 is divided by 397?
395
Calculate the remainder when 262390254 is divided by 796.
794
Calculate the remainder when 504930 is divided by 87.
69
Calculate the remainder when 19907533 is divided by 16.
13
Calculate the remainder when 7151731 is divided by 1430346.
1
Calculate the remainder when 982208 is divided by 17.
16
Calculate the remainder when 177190 is divided by 292.
238
What is the remainder when 236578 is divided by 223?
198
Calculate the remainder when 9316 is divided by 3923.
1470
Calculate the remainder when 159362215 is divided by 13.
12
Calculate the remainder when 20294399 is divided by 267.
263
Calculate the remainder when 1468112 is divided by 7266.
380
Calculate the remainder when 350639 is divided by 350602.
37
What is the remainder when 430680054 is divided by 26?
12
Calculate the remainder when 15308 is divided by 7475.
358
Calculate the remainder when 138954 is divided by 426.
78
What is the remainder when 24992867 is divided by 3570407?
18
Calculate the remainder when 4812829 is divided by 98217.
196
Calculate the remainder when 1098240 is divided by 75.
15
Calculate the remainder when 3525725 is divided by 365.
190
Calculate the remainder when 49574 is divided by 1019.
662
Calculate the remainder when 6556310 is divided by 77.
68
Calculate the remainder when 156753 is divided by 52199.
156
What is the remainder when 9233206 is divided by 139?
131
Calculate the remainder when 422135 is divided by 841.
794
Calculate the remainder when 111604 is divided by 508.
352
Calculate the remainder when 391431 is divided by 3075.
906
Calculate the remainder when 1919276 is divided by 149.
7
Calculate the remainder when 870112 is divided by 2021.
1082
Calculate the remainder when 4320335 is divided by 908.
71
Calculate the remainder when 557423 is divided by 267.
194
Calculate the remainder when 37120233 is divided by 6196.
6193
Calculate the remainder when 36143585 is divided by 17884.
21
What is the remainder when 96838699 is divided by 144?
139
What is the remainder when 73479835 is divided by 5163?
19
What is the remainder when 41183926 is divided by 24?
22
What is the remainder when 16955 is divided by 1705?
1610
What is the remainder when 108189 is divided by 838?
87
Calculate the remainder when 3418400 is divided by 15.
5
Calculate the remainder when 34794 is divided by 6811.
739
What is the remainder when 142324 is divided by 420?
364
Calculate the remainder when 26064481 is divided by 4614.
4609
Calculate the remainder when 3087872 is divided by 755.
677
What is the remainder when 21962423 is divided by 1518?
1517
What is the remainder when 10646